 117.
39
Calculate the highest common divisor of 92 and 414.
46
What is the highest common factor of 171 and 45?
9
What is the greatest common factor of 6 and 62?
2
What is the highest common divisor of 184 and 808?
8
What is the greatest common divisor of 5330 and 30?
10
What is the greatest common factor of 9 and 12384?
9
What is the highest common divisor of 957 and 33?
33
What is the greatest common factor of 310 and 10?
10
What is the highest common factor of 10 and 18?
2
What is the greatest common factor of 12 and 6?
6
Calculate the highest common factor of 1630 and 30.
10
What is the highest common divisor of 3492 and 24?
12
What is the highest common divisor of 140 and 196?
28
What is the highest common divisor of 1449 and 63?
63
What is the highest common divisor of 105 and 455?
35
Calculate the greatest common divisor of 200 and 150.
50
Calculate the greatest common factor of 635 and 3429.
127
Calculate the greatest common divisor of 133705 and 55.
55
What is the greatest common divisor of 5 and 3850?
5
What is the highest common divisor of 30 and 1920?
30
What is the highest common divisor of 28587 and 26?
13
Calculate the greatest common divisor of 308 and 704.
44
Calculate the greatest common factor of 44 and 11.
11
What is the greatest common factor of 8905 and 260?
65
What is the highest common factor of 598 and 437?
23
What is the highest common factor of 368 and 138?
46
What is the highest common divisor of 120 and 1128?
24
Calculate the highest common divisor of 8 and 904.
8
What is the greatest common divisor of 1608 and 552?
24
What is the highest common factor of 582 and 97?
97
Calculate the greatest common factor of 16 and 16.
16
What is the greatest common factor of 2349 and 567?
81
Calculate the greatest common divisor of 438 and 12629.
73
What is the highest common factor of 9 and 789?
3
Calculate the greatest common factor of 48 and 264.
24
Calculate the highest common divisor of 25 and 100.
25
What is the highest common divisor of 2240 and 126?
14
What is the greatest common divisor of 19 and 1368?
19
What is the greatest common factor of 15 and 8535?
15
Calculate the highest common factor of 525 and 225.
75
Calculate the greatest common factor of 8 and 568.
8
What is the highest common divisor of 336 and 476?
28
Calculate the greatest common divisor of 23967 and 9.
9
Calculate the highest common factor of 2002 and 88.
22
What is the greatest common divisor of 8 and 742?
2
What is the highest common factor of 48 and 48?
48
What is the highest common divisor of 1 and 361?
1
Calculate the greatest common divisor of 70 and 686.
14
Calculate the highest common factor of 119 and 21.
7
What is the greatest common divisor of 26 and 46072?
26
Calculate the highest common factor of 69 and 9.
3
Calculate the greatest common factor of 46 and 23.
23
Calculate the greatest common factor of 528 and 308.
44
What is the greatest common factor of 493 and 87?
29
Calculate the greatest common factor of 7178 and 74.
74
Calculate the greatest common divisor of 1908 and 6148.
212
What is the highest common factor of 1419 and 297?
33
What is the highest common divisor of 2466 and 3973?
137
Calculate the highest common factor of 110 and 110.
110
Calculate the highest common divisor of 33 and 87.
3
What is the greatest common factor of 2327 and 26?
13
Calculate the greatest common factor of 24 and 66.
6
What is the highest common divisor of 319 and 116?
29
Calculate the greatest common divisor of 72 and 477.
9
Calculate the greatest common divisor of 923 and 364.
13
What is the greatest common factor of 174 and 22272?
174
What is the greatest common divisor of 168 and 1218?
42
What is the highest common factor of 712 and 3293?
89
Calculate the greatest common factor of 3007 and 93.
31
What is the greatest common divisor of 1272 and 72?
24
Calculate the greatest common divisor of 445 and 15.
5
Calculate the greatest common factor of 19 and 247.
19
What is the greatest common divisor of 56 and 4788?
28
What is the greatest common divisor of 5207 and 41?
41
Calculate the greatest common factor of 104 and 26.
26
Calculate the highest common divisor of 775 and 50.
25
Calculate the greatest common factor of 10125 and 243.
81
Calculate the greatest common factor of 17 and 833.
17
What is the highest common divisor of 22 and 418?
22
What is the highest common divisor of 23617 and 19?
19
What is the highest common factor of 58 and 58?
58
What is the greatest common factor of 1616 and 3333?
101
What is the greatest common factor of 6 and 9?
3
What is the highest common factor of 310 and 20?
10
What is the greatest common divisor of 784 and 16?
16
Calculate the greatest common divisor of 23 and 437.
23
What is the greatest common factor of 18 and 2?
2
Calculate the greatest common factor of 15 and 5.
5
What is the greatest common factor of 5915 and 35?
35
Calculate the greatest common divisor of 100 and 15.
5
What is the greatest common divisor of 1580 and 100?
20
Calculate the highest common factor of 6236 and 8.
4
Calculate the greatest common divisor of 2016 and 1120.
224
Calculate the highest common factor of 880 and 160.
80
Calculate the highest common factor of 18 and 33.
3
Calculate the highest common factor of 96 and 11.
1
What is the highest common divisor of 3480 and 135?
15
Calculate the greatest common divisor of 1812 and 8003.
151
What is the greatest common factor of 341 and 121?
11
Calculate the highest common factor of 805 and 575.
115
What is the greatest common divisor of 72 and 3576?
24
Calculate the highest common factor of 14990 and 10.
10
What is the highest common factor of 5724 and 6?
6
What is the highest common divisor of 2 and 86?
2
Calculate the highest common divisor of 57 and 3.
3
Calculate the highest common factor of 664 and 83.
83
What is the highest common divisor of 270 and 36?
18
What is the highest common divisor of 14 and 301?
7
Calculate the greatest common divisor of 1955 and 115.
115
What is the highest common factor of 50 and 12150?
50
Calculate the highest common factor of 756 and 28.
28
What is the greatest common divisor of 329 and 7?
7
Calculate the greatest common divisor of 1884 and 456.
12
Calculate the highest common factor of 2392 and 6624.
184
What is the greatest common factor of 6 and 20?
2
Calculate the highest common divisor of 22 and 7810.
22
What is the highest common factor of 973 and 7?
7
Calculate the greatest common divisor of 222 and 777.
111
Calculate the highest common divisor of 408 and 51.
51
What is the greatest common factor of 105 and 195?
15
What is the greatest common factor of 32 and 32?
32
What is the greatest common factor of 377 and 116?
29
What is the greatest common factor of 65 and 104?
13
What is the highest common divisor of 396 and 144?
36
What is the greatest common divisor of 91 and 39?
13
What is the highest common divisor of 6181 and 14?
7
What is the greatest common divisor of 17 and 629?
17
What is the greatest common factor of 4950 and 27?
9
What is the greatest common factor of 9 and 2367?
9
Calculate the greatest common factor of 36 and 6282.
18
What is the highest common factor of 989 and 23?
23
Calculate the greatest common divisor of 64 and 2.
2
Calculate the highest common divisor of 256 and 16.
16
What is the greatest common factor of 93 and 15717?
93
Calculate the highest common divisor of 180 and 8670.
30
Calculate the highest common factor of 17 and 2533.
17
What is the greatest common divisor of 87 and 6931?
29
What is the highest common factor of 110 and 1595?
55
Calculate the highest common divisor of 2506 and 210.
14
Calculate the highest common divisor of 90 and 450.
90
What is the greatest common divisor of 75 and 125?
25
What is the greatest common divisor of 5 and 10265?
5
Calculate the greatest common divisor of 32 and 84.
4
Calculate the greatest common factor of 1430 and 65.
65
What is the greatest common divisor of 19 and 69749?
19
What is the greatest common divisor of 525 and 63?
21
Calculate the greatest common factor of 34 and 221.
17
Calculate the greatest common divisor of 1003 and 767.
59
Calculate the greatest common divisor of 68849 and 121.
121
What is the highest common divisor of 66 and 594?
66
What is the highest common fact